 -5*s - 4*v + o = 0. What is the remainder when s is divided by 10?
7
Let d(g) = -g**3 - 6*g**2 - 4*g - 6. Let q be d(-5). Let u = q - -22. Calculate the remainder when 20 is divided by u.
9
Let p(g) = 3*g**3 - 2*g**2 - g + 2. Calculate the remainder when p(2) is divided by 6.
4
Suppose y = 4 + 1. Suppose -y*k = -0*k - 75. Suppose -6*q + 140 = -q. Calculate the remainder when q is divided by k.
13
Suppose -a + 0*a = -2*h + 84, -2*h - 5*a = -72. Let i(b) = -b**2 - 26*b - 34. What is the remainder when h is divided by i(-24)?
13
Suppose 5*k + h - 11 = 26, 0 = 5*k - 5*h - 55. What is the remainder when (-24)/(-2)*(k - 7) is divided by 5?
2
Suppose y = -p + 23, -3*y = -3*p - 2*p + 115. What is the remainder when p is divided by 14?
9
Let x = -4 + -2. Calculate the remainder when ((-12)/5)/(x/40) is divided by 6.
4
Suppose -2*l - w + 27 = 0, 0*l + 5*l + 4*w - 72 = 0. Suppose 0*t + 3*t = 105. What is the remainder when t is divided by l?
11
Suppose -55 = -2*l - 3*l. Let k be 9/(-12) + 1/(-4). What is the remainder when k - (-34 + (-1 - -3)) is divided by l?
9
Suppose 2*v + v - 30 = 0. Suppose 0*h - 32 = -8*h. What is the remainder when v is divided by h?
2
Suppose -3*p + 3*n + 36 = 0, 3*p - 5*n + 3*n - 35 = 0. Suppose -x = 2*x - 18. What is the remainder when p is divided by x?
5
Suppose 2*l + 267 = 3*j + l, 4*j - 5*l = 367. What is the remainder when j is divided by 45?
43
Let w(f) = f**2 + 3*f + 7. What is the remainder when w(5) is divided by -3 + 0 + 29 - 2?
23
Let p = -3 - -5. Let n be p/(-1)*(-1)/2. Suppose 3*m - 4*g = 16, n + 4 = -5*g. What is the remainder when m is divided by 3?
1
Let o = 60 + -26. What is the remainder when o is divided by 20?
14
Let n be (428/(-6))/((-6)/9). Suppose 4*y + 210 = y. Let i = n + y. Calculate the remainder when i is divided by 13.
11
Suppose 4*z - 188 = -0*z. Calculate the remainder when z is divided by 12.
11
Let l be (-6)/(-21) - 2434/(-7). Suppose l = -2*d + 6*d. Calculate the remainder when 32 is divided by 6/(-15) - d/(-5).
15
Let q be 3 + (-5)/(15/(-9)). Let z(t) = t**2 - 2*t + 13. What is the remainder when z(q) is divided by 10?
7
Let l be (-1)/(-2)*0/(-2). Suppose l*i = 4*i - 32. Let y(o) = o**2 - 9. What is the remainder when y(i) is divided by 14?
13
Let w(x) = 5 - 4*x + 1 + x**2 - x. Let h be w(4). Calculate the remainder when 60 + 2*(-1)/h is divided by 20.
19
Suppose -6*t = 46 - 328. Calculate the remainder when 187 is divided by t.
46
Let t = -6 + 10. What is the remainder when 6 + -3*(-3 + t) is divided by 3?
0
Suppose u - 2*k + 2 = 0, -k = -0*k + 3. Let p = u + 11. Let b = p - -23. Calculate the remainder when b is divided by 9.
8
Suppose a - 55 = -n - 0*n, 5*a = 4*n + 230. Calculate the remainder when a is divided by 14.
8
Suppose 7*a + 4*y + 4 = 3*a, 4*a = 5*y + 5. Suppose 3*i - 272 = -a*n - 5*n, 3*n = -3*i + 168. What is the remainder when n is divided by 27?
25
Suppose -5*x + 95 + 290 = 0. What is the remainder when x is divided by 22?
11
Suppose 3*u = -2*u + 100. What is the remainder when ((-15)/(-6) + -2)*114 is divided by u?
17
Let d(y) = -4*y**2 - 7*y + 3 + y**2 + 3*y + 4*y**2 + 2*y**3. What is the remainder when d(2) is divided by 8?
7
Suppose -5*b = 3*v - 31, 2*b = -2*v + 3*b + 25. Let l(m) = m**3 - 4*m**2 + 3*m - 6. What is the remainder when l(5) is divided by v?
10
Let m be 11/3 - (-7)/21. Suppose -r = 2, 2*q - m*r - 112 = -9*r. What is the remainder when q/3 - 8/(-12) is divided by 11?
10
Suppose 0 = g - 0*g - 5*m - 22, m - 44 = -2*g. What is the remainder when 41 is divided by g?
19
Let p(b) = -2*b + 3. Calculate the remainder when 28 is divided by p(-6).
13
Let g(u) = -2*u**2 - 2*u - 1. Let a be g(-1). Let l = 2 - a. Suppose i = 5*i + 2*m - 80, -65 = -l*i - 4*m. Calculate the remainder when 36 is divided by i.
17
Suppose -6*i - 48 = -8*i. Let y(a) = -a - 2. Let l be y(-2). Suppose -3*r + i = -l*r. Calculate the remainder when 22 is divided by r.
6
Suppose 0 = 3*u - 6. Suppose -2 = y - 6, -4*o = -u*y - 8. Let d = o - -2. What is the remainder when d is divided by 4?
2
Let r(z) = -5*z. Let f be r(-7). Suppose 4*v = 3*o + 1, 3*o = -7*v + 2*v + f. Suppose -i + o*i - 172 = 0. What is the remainder when i is divided by 15?
13
Let s(k) = k**3 + k**2 - k + 37. Calculate the remainder when 73 is divided by s(0).
36
Let x(q) = q. Let w be x(-1). Suppose -7*c + 309 = -34. Calculate the remainder when c is divided by ((-2)/4)/(w/34).
15
Suppose -1 = -f + 3. Suppose f*z + 3*h - 7 = 14, 2*h = -5*z + 28. Let b = 27 - 10. Calculate the remainder when b is divided by z.
5
Let z(o) = o**2 + 2*o + 6. Let g be z(-6). What is the remainder when (-4)/(-10) - (-348)/g is divided by 7?
5
Suppose 5*l + 78 = 4*q - 3*q, 0 = -2*q + l + 120. Suppose 10*y - 4*p - 120 = 5*y, 4*y + p = 75. Calculate the remainder when q is divided by y.
18
Suppose -3*h - 12 + 0 = 0. Let v = 7 + h. Calculate the remainder when v is divided by 1.
0
Let u = 15 - 9. Let c = -69 + 118. Suppose 5*d - q = c, 2*d + 4*q - 21 = 3. Calculate the remainder when d is divided by u.
4
Let f(u) = 3*u**2 - 9*u - 14. Calculate the remainder when 94 is divided by f(5).
14
Let f be (546/(-35))/((-2)/60). Suppose 4*l - 2*j = j + 369, -5*l + f = 3*j. Suppose 4*k = l + 3. Calculate the remainder when 46 is divided by k.
22
Suppose 7*b = 4*b - 207. What is the remainder when b*((-20)/(-12))/(-5) is divided by 12?
11
Suppose 0*q - 3 = -3*a - 3*q, -q = -5*a - 19. Let n be (-16)/3*a/2. Suppose -y = y - n. Calculate the remainder when 5 is divided by y.
1
Let w(y) = y**2 - 2*y - 2. Let t be w(4). Let x(o) = 3*o + 0*o**3 + 1 + o + 4*o**3 - t*o**2 - 5*o**3. What is the remainder when x(-7) is divided by 8?
6
Let c = 19 - 39. Let w(i) = i**3 + i - 2. What is the remainder when w(2) is divided by (-108)/c - (-4)/(-10)?
3
Let g(h) = 2*h**2 + 3*h. Suppose 0 = -2*o - 4*n - 10, n = 4*o - 2*o. Let m = -4 + o. Calculate the remainder when g(m) is divided by 12.
11
Suppose 3*y - 931 = -46. Suppose 2*q = m - 59, -5*m + 0*m - 2*q = -y. What is the remainder when m is divided by 15?
14
Let q(f) = -f**3 - 5*f**2 - 3*f - 1. Let l be q(-3). Let c be (-28)/10 + (-7)/35. Calculate the remainder when (l/3)/(1/c) is divided by 6.
4
Let i(d) = -d**2 - 16*d + 22. Calculate the remainder when 19 is divided by i(-17).
4
Let d(j) = -6*j - 1. Calculate the remainder when 52 is divided by d(-2).
8
Let g be -8 - (-3 - (2 + -7)). Let s(d) = -d + 10. Calculate the remainder when s(g) is divided by ((-1)/3)/((-1)/33).
9
Let g(z) = -14*z - 7. Suppose -5*v + 17 = 42. Let b be g(v). Let s = 114 - b. What is the remainder when s is divided by 18?
15
Suppose 0 = -4*y + 4*m + 8, 0 = -y - 5*m + 2. Let r(c) = -9*c - 2 - y*c**2 + 4*c**2 + 9. Calculate the remainder when r(6) is divided by 9.
7
Let w = 85 - 59. What is the remainder when w is divided by 15?
11
Let k(a) be the first derivative of a**2/2 + 6*a + 2. Let i(s) = 2*s + 7. Let x(y) = -2*i(y) + 3*k(y). Calculate the remainder when 20 is divided by x(-3).
6
Suppose 2*m - 7*m + 15 = 0. What is the remainder when 13 is divided by m?
1
Suppose -2*r + 35 = 2*o - r, r - 17 = -o. Suppose -p - 2*p = -o. What is the remainder when p is divided by 4?
2
Let z = 92 + -65. Let j = 94 - z. Calculate the remainder when j is divided by 17.
16
Let b(l) = 6*l - 1. Let y be b(4). Calculate the remainder when 71 is divided by y + ((-6)/2 - -4).
23
Suppose 3*z - 2*c = 10, 5*c + 14 - 34 = 0. Let n = z + -4. Suppose n*a + 4*w - 18 = w, -3*w = -a - 9. Calculate the remainder when 8 is divided by a.
2
Suppose 0*b = -5*b + 25. Suppose 0 = v - 5*v. Let w(t) = -t**2 + t + 13. Calculate the remainder when w(v) is divided by b.
3
Let d(z) = -z**3 + 20*z**2 - 16*z + 4. What is the remainder when d(19) is divided by 13?
9
Suppose 4*o - 6*o + 3*m + 30 = 0, -4 = -m. What is the remainder when 144 is divided by o?
18
Suppose -2*a - 6 = 4*v - 112, -5*a + 135 = 5*v. Calculate the remainder when 155 is divided by v.
25
Let z = 1 - -26. Calculate the remainder when 79 is divided by z.
25
Suppose -q = 3*q - 84. Let r be -9 - (8/(-14) + (-125)/(-35)). Let f = r + q. Calculate the remainder when 26 is divided by f.
8
Let t(d) = -35*d - 39. What is the remainder when t(-5) is divided by 23?
21
Let p be 0 - 9 - (-6 + 8). Let n = p - -21. Suppose -u - 20 = -6*u. Calculate 